{"text_format":"1","workbook":"xlsx","n_sheets":4,"sheets":["Assets","Sheet2","Options","Sheet1"],"not_rendered":{"charts":0,"images":0,"macros":1,"external_links":1,"defined_names":1,"comments":0,"pivot_tables":0},"unopened":[],"bounds":{"document_bytes":16777216,"sheet_cells":100000,"rows_first":2000,"rows_last":500,"rows_between":2000,"halvings":0,"cell_chars":16384,"cell_head_chars":4096},"cells_cut":0,"cells_raw":0,"read":"whole","date_system":"1900"}

{"sheet":"Assets","index":0,"n_rows":46,"n_cols":13,"rows_kept":46,"cut":false,"hidden":false,"merged":[]}
["Import Datei Name","Asset Name (Anzeigename im System)","Asset Typ","Keywords (kommagetrennt)","Bildrecht","Vertragsdateiname","PIM relevant","Released","Related Products (ZMP oder EAN kommagetrennt)","Product Code Nafta","Language","Country of Origin","Getty ID"]
["RU C-DE.AYA46.B.85892 29.06.2018-28.06.2023 ROSTEST-Moskva.pdf",null,null,null,null,null,null,null,"4058075817739,4058075817777,4058075817753,4058075817791"]
["RU C-DE.AYA46.B.87420 06.09.2018-28.06.2023 ROSTEST-Moskva.pdf",null,null,null,null,null,null,null,"4052899937154,4052899956384,4058075183001,4058075183087,4058075183063,4058075183100,4058075454743,4058075454767,4058075454781,4058075454804,4058075454828,4058075454842,4058075187337,4058075187351,4058075187375,4058075187399,4058075187634,4058075187658,4058075136410,4058075024632,4058075024717,4058075454620,4058075454644,4058075454668,4058075454682,4058075454705,4058075454729,4058075454446,4058075454460,4058075454484,4058075454507,4058075454521,4058075454545,4058075454569,4058075454583,4058075454606,4058075136472,4058075136458"]
["RU C-DE.AJ40.B.00590_19 29.10.2019-28.10.2024 SamaraTest.pdf",null,null,null,null,null,null,null,"4058075056688,4058075315822,4058075315853,4058075811553,4058075271791,4058075811454,4058075812697,4058075811515,4058075811812,4058075812710,4058075271845,4058075271890"]
["RU_RU C-DE.AJ40.B.00751_19 28.12.2019-27.12.2024 SamaraTest.pdf",null,null,null,null,null,null,null,"4058075134782,4058075134812,4058075403376,4058075403406,4058075210981,4058075211018,4058075448728,4058075448704,4058075448681,4058075449107,4058075449084,4058075449060,4058075449282,4058075449268,4058075449244,4058075449169,4058075449145,4058075449121,4058075449220,4058075449183,4058075449206,4058075449343,4058075449329,4058075449305,4052899958104,4052899451735,4052899958128,4058075815636,4058075815674,4058075096462,4058075096448,4058075449046,4058075449022,4058075449008,4058075260078,4058075051669,4058075061149,4058075260092,4058075061187,4058075260030,4058075260016,4058075259997,4058075259898,4058075259973,4058075259959,4058075259874,4058075260139,4058075260115,4058075260054,4058075095489,4058075095441,4058075095540,4058075096561,4058075259935,4058075259911,4058075259850,4052899958111,4058075023475,4052899958142,4052899958173,4058075815872,4058075815650,4052899958180,4058075096486,4058075105638,4058075481343,4058075481374,4058075481404,4058075481497,4058075481527,4058075481558"]
["EAC RU C-DE.AYA46.B.15162_20 20.08.2020-19.08.2025 Rostest-Moskva.pdf",null,null,null,null,null,null,null,"4052899971660,4058075160842,4058075160897,4058075057142,4058075369009,4058075369030,4058075431652,4058075431638,4058075431614,4058075449589,4058075449565,4058075449541,4058075449527,4058075449503,4058075449480,4058075431577,4058075431553,4058075431539,4058075431492,4058075431478,4058075431430,4058075449466,4058075449442,4058075449428,4058075431379,4058075431355,4058075431317,4058075431256,4058075431218,4058075431157,4058075449404,4058075449381,4058075449367,4058075448407,4058075448766,4058075448780,4058075448469,4058075448483,4058075448445,4058075448421,4058075448889,4058075448902,4058075448926,4058075448841,4058075448865,4058075448742,4058075432093,4058075271944,4058075271746,4058075432048,4058075095120,4052899957749,4058075811959,4058075811430,4058075812017,4058075263925,4058075105195,4058075105157,4058075481282,4058075481312"]
["RU C-DE.AYA46.B.89892 23.11.2018-27.02.2023 ROSTEST-Moskva.pdf",null,null,null,null,null,null,null,"4058075055292,4058075055315,4058075055339,4058075068353,4058075116672,4058075116702,4058075055452,4058075055391,4058075212398,4058075212428,4058075212336,4058075212367,4058075217805,4058075217836,4058075068377,4052899971639,4058075808706,4058075808980,4058075439856,4058075438514,4058075439597,4052899961654,4058075817173,4058075819658,4058075288645,4058075288669,4058075288683,4058075817135,4058075817234,4058075808416,4052899972360,4058075808997,4052899962095,4052899962071,4058075809406,4058075808171,4058075808188,4058075091979,4058075091993,4058075092013,4058075092037,4058075091955,4058075092112,4058075092136,4058075269941,4058075269989,4058075270008,4058075269965,4058075133471,4058075133426,4058075133525"]
["RU C-DE.AYA46.B.04192_19 08.05.2019-07.05.2024 ROSTEST-Moskva.pdf",null,null,null,null,null,null,null,"4052899149229,4052899971516,4058075086616,4052899971523,4058075096387,4058075096417,4058075161917,4052899971554,4058075086647,4052899971561,4052899971578,4058075086678,4052899971585,4058075056985,4058075057043,4058075318540,4058075318120,4052899971608,4058075056886,4058075134171,4058075134140,4058075134232,4058075134201,4058075210684,4058075210714,4058075210745,4058075210776,4052899971622,4052899971615,4058075056923,4052899971646,4058075134294,4058075134263,4058075134355,4058075134324,4058075210806,4058075210837,4058075210868,4058075210899,4058075055414,4058075055353,4058075055438,4058075282544,4058075282575,4058075282629,4058075282650,4058075463165,4058075463189,4058075463288,4058075463301,4058075463202,4058075463226,4058075463240,4058075463264,4058075463127,4058075463349,4058075463141,4058075264267,4058075264304,4058075264083,4058075264069,4058075264106,4052899961289,4052899961302,4058075448629,4058075448544,4058075448520,4058075448605,4058075448568,4058075448643,4058075448988,4058075318274,4058075467620,4058075467668,4058075467705,4058075467767,4058075467873,4058075467934"]
["RU C-DE.AYA46.B.85894 29.06.2018-28.06.2023 ROSTEST-Moskva.pdf",null,null,null,null,null,null,null,"4058075135086,4058075135109,4058075024915,4058075024939,4058075024977,4058075024991"]
["EAC RU C-DE.AYA46.B.14999_20 11.08.2020-10.08.2025 Rostest-Moskva.pdf",null,null,null,null,null,null,null,"4058075106635,4058075106666,4058075210929,4058075210950,4058075448803,4058075448827,4058075496378,4058075496408"]
["RU C-DE.AJ40.B.00570_19 23.10.2019-22.10.2024 SamaraTest.pdf",null,null,null,null,null,null,null,"4058075439917,4058075448360,4058075448384,4058075433243,4058075462571,4058075462595,4058075462618,4058075462632,4058075462533,4058075462557,4058075303027,4058075096622,4058075055155,4058075817715,4058075096646,4058075096660,4058075096684,4058075096769,4058075096783,4058075096707,4058075096721,4058075096745,4058075292635,4058075292659,4058075292673,4058075292697,4058075264243,4058075105379,4058075303485,4058075811874,4058075169050,4058075811850,4058075271999,4058075812192,4058075812178,4058075169029,4058075812116,4058075812130,4058075168992,4058075362949,4058075362963,4058075124783,4058075124806,4058075124820,4058075124844,4058075127234,4058075124868,4058075124943,4058075124967,4058075124981,4058075125001,4058075135864,4058075135888,4058075284722,4058075284746,4058075271708,4058075453845,4058075453869,4058075453883,4058075453906,4058075453920,4058075453944,4058075452220,4058075452244,4058075448582"]
["RU C-DE.HA10.B.00405_19 24.01.2019-23.01.2024 Expert Sertifikaciya.pdf",null,null,null,null,null,null,null,"4058075135529,4058075135567,4058075135604,4058075135543,4058075135581,4058075135208,4058075135222,4058075135246,4058075135260,4058075135284,4058075135307,4058075135321,4058075135345,4058075135369,4058075135383,4058075135406,4058075135420,4058075260887,4058075260900,4058075135444,4058075135468,4058075135482,4058075135505,4058075137585,4058075137608,4058075137622,4058075137769,4058075137783,4058075137806,4058075137820,4058075137400,4058075137424,4058075137448,4058075137462,4058075137486,4058075137509,4058075137523,4058075137547,4058075137561,4058075137844,4058075137868,4058075137882,4058075137905,4058075137929,4058075137943,4058075137967,4058075137981,4058075138001,4058075138025,4058075138049,4058075138063,4058075138087,4058075138100,4058075138124,4058075138148,4058075138162,4058075138186,4058075138209,4058075138223,4058075138247,4058075137646,4058075137660,4058075137684,4058075137707,4058075137721,4058075137745"]
["RU C-DE.AJ40.B.00569_19 23.10.2019-22.10.2024 SamaraTest.pdf",null,null,null,null,null,null,null,"4058075230354,4058075230385,4058075212459,4058075212480,4058075212510,4058075212541,4058075218147,4058075218178,4058075218208,4058075218239,4058075230415,4058075230446,4058075439719,4058075439696,4058075439672,4058075439658,4058075439634,4058075439276,4058075439290,4058075439214,4058075438996,4058075439399,4058075439412,4058075438958,4058075439238,4058075439177,4058075439016,4058075439870,4058075439610,4058075438538,4058075439573,4058075439818,4058075439795,4058075438453,4058075439733,4058075439757,4058075439337,4058075438798,4058075439375,4058075438835,4058075287648,4058075438651,4058075439511,4058075439535,4058075439139,4058075287662,4058075438576,4058075439153,4058075438811,4058075439313,4058075439252,4058075438934,4058075439351,4058075438897,4058075438859,4058075287945,4058075287969,4058075287983,4058075438613,4058075439092,4058075439078,4058075438675,4058075288027,4058075438552,4058075439436,4058075439115,4058075438774,4058075439498,4058075439030,4058075439054,4058075438736,4058075293199,4058075293205,4058075293212,4058075290815,4058075439474,4058075438590,4058075287303,4058075287327,4058075287624,4058075287501,4058075287549,4058075287525,4058075287563,4058075293168,4058075288300,4058075288348,4058075269729,4058075269705,4058075270046,4058075270022,4058075293090,4058075293298,4058075293359,4058075293434,4058075293496,4058075269927,4058075269903,4058075287365,4058075293229,4058075293236,4058075293243,4058075293274,4058075438637"]
["RU C-DE.AYA46.B.06895_19 22.08.2019-21.08.2024 ROSTEST-Moskva.pdf",null,null,null,null,null,null,null,"4058075377462,4058075377486,4058075377509,4058075377523,4058075377547,4058075377561,4058075480162,4058075480186,4058075480209"]
["EAC N RU D-DE.MU62.B.00891_20 05.02.2020-04.03.2025 Prommash Test.pdf",null,null,null,null,null,null,null,"4058075183001,4058075183087,4058075183063,4058075183100"]
["EAC N RU D-DE.MU62.B.00928_20 06.03.2020-05.03.2025 Prommash Test.pdf",null,null,null,null,null,null,null,"4052899971622,4052899971615,4058075056923,4052899971646,4058075134294,4058075134263,4058075134355,4058075134324,4058075210806,4058075210837,4058075210868,4058075210899,4058075068377,4052899971639,4058075212459,4058075212480,4058075212510,4058075212541,4058075218147,4058075218178,4058075218208,4058075218239,4052899971660,4058075160842,4058075160897,4052899981126,4052899981133,4052899981140,4052899981157,4058075373594,4058075373624,4058075129009,4058075129030,4058075129061,4058075129092,4058075129122,4058075129153,4058075229068,4058075229099,4058075229006,4058075229037,4058075318274,4058075467705,4058075467767,4058075467934,4058075480407,4058075480438,4058075480469,4058075480490,4058075480520,4058075480551,4058075480582,4058075480612,4058075481107,4058075481138,4058075481169,4058075481190,4058075481220,4058075481251,4058075481282,4058075481312"]
["EAC N RU D-DE.MU62.B.01057_20 13.03.2020-12.03.2025 Prommash Test.pdf",null,null,null,null,null,null,null,"4058075135529,4058075135567,4058075135604,4058075135543,4058075135581,4058075817739,4058075817777,4058075817753,4058075817791"]
["EAC N RU D-DE.MU62.B.01070_20 16.03.2020-15.03.2025 Prommash Test.pdf",null,null,null,null,null,null,null,"4058075377462,4058075377486,4058075377509,4058075377523,4058075377547,4058075377561"]
["EAC N RU D-DE.MU62.B.01076_20 16.03.2020-15.03.2025 Prommash Test.pdf",null,null,null,null,null,null,null,"4058075135444,4058075135468,4058075135482,4058075135505"]
["EAC N RU D-DE.MU62.B.01095_20 16.03.2020-15.03.2025 Prommash Test.pdf",null,null,null,null,null,null,null,"4058075362949,4058075362963,4058075124783,4058075124806,4058075124820,4058075124844,4058075127234,4058075124868,4058075124943,4058075124967,4058075124981,4058075125001,4058075284722,4058075284746"]
["EAC N RU D-DE.MU62.B.01114_20 17.03.2020-16.03.2025 Prommash Test.pdf",null,null,null,null,null,null,null,"4058075264267,4058075264304,4058075264083,4058075264069,4058075264106"]
["EAC N RU D-DE.MU62.B.01155_20 20.03.2020-19.03.2025 Prommash Test.pdf",null,null,null,null,null,null,null,"4058075230354,4058075230385,4058075230415,4058075230446"]
["EAC N RU D-DE.MU62.B.01165_20 20.03.2020-19.03.2025 Prommash Test.pdf",null,null,null,null,null,null,null,"4058075135086,4058075135109,4058075024915,4058075024939,4058075024977,4058075024991,4058075135208,4058075135222,4058075135246,4058075135260,4058075135284,4058075135307,4058075135321,4058075135345,4058075135369,4058075135383,4058075135406,4058075135420,4058075260887,4058075260900"]
["EAC N RU D-DE.MU62.B.01191_20 24.03.2020-23.03.2025 Prommash Test.pdf",null,null,null,null,null,null,null,"4058075454743,4058075454767,4058075454781,4058075454804,4058075454828,4058075454842,4058075187337,4058075187351,4058075187375,4058075187399,4058075187634,4058075187658,4058075136410,4058075137585,4058075137608,4058075137622,4058075137769,4058075137783,4058075137806,4058075137820,4058075137400,4058075137424,4058075137448,4058075137462,4058075137486,4058075137509,4058075137523,4058075137547,4058075137561,4058075024632,4058075024717,4058075137844,4058075137868,4058075137882,4058075137905,4058075137929,4058075137943,4058075137967,4058075137981,4058075138001,4058075138025,4058075138049,4058075138063,4058075138087,4058075138100,4058075138124,4058075138148,4058075138162,4058075138186,4058075138209,4058075138223,4058075138247,4058075136472,4058075136458"]
["EAC N RU D-DE.MU62.B.01215_20 24.03.2020-23.03.2025 Prommash Test.pdf",null,null,null,null,null,null,null,"4058075055414,4058075055353,4058075282544,4058075282575,4058075282629,4058075282650,4058075292635,4058075292659,4058075292673,4058075292697"]
["EAC N RU D-DE.MU62.B.01212_20 24.03.2020-23.03.2025 Prommash Test.pdf",null,null,null,null,null,null,null,"4058075134782,4058075134812,4058075403376,4058075403406,4058075210981,4058075211018,4058075106635,4058075106666,4058075210929,4058075210950,4058075481343,4058075481374,4058075481404,4058075481497,4058075481527,4058075481558,4058075496378,4058075496408"]
["EAC N RU D-DE.MU62.B.01211_20 24.03.2020-23.03.2025 Prommash Test.pdf",null,null,null,null,null,null,null,"4058075318120,4052899971608,4058075056886,4058075134171,4058075134140,4058075134232,4058075134201,4058075210684,4058075210714,4058075210745,4058075210776,4058075068353,4058075116672,4058075116702,4058075467620,4058075467668,4058075467873"]
["EAC N RU D-DE.MU62.B.01209_20 24.03.2020-23.03.2025 Prommash Test.pdf",null,null,null,null,null,null,null,"4058075055452,4058075055391,4058075439719,4058075439696,4058075439672,4058075439658,4058075439634,4058075439870,4058075439610,4058075438538,4058075439573,4058075439818,4058075439795,4058075438453,4058075439733,4058075439757,4058075287648,4058075438651,4058075439511,4058075439535,4058075439139,4058075287662,4058075438576,4058075439153,4058075287945,4058075287969,4058075287983,4058075438613,4058075439092,4058075439078,4058075438675,4058075288027,4058075438552,4058075439436,4058075439115,4058075438774,4058075439498,4058075438736,4058075463349,4058075463141,4058075439474,4058075439856,4058075438514,4058075439597,4052899961654,4058075817173,4058075819658,4058075288645,4058075288669,4058075288683,4058075287501,4058075287549,4058075817135,4058075817234,4058075808416,4058075287525,4058075287563,4058075288300,4058075288348,4058075303485,4058075287365"]
["EAC N RU D-DE.MU62.B.01225_20 25.03.2020-24.03.2025 Prommash Test.pdf",null,null,null,null,null,null,null,"4058075811874,4058075169050,4058075811850,4058075271999,4058075812192,4058075812178,4058075169029,4058075812116,4058075812130,4058075168992"]
["EAC N RU D-DE.MU62.B.01259_20 26.03.2020-25.03.2025 Prommash Test.pdf",null,null,null,null,null,null,null,"4058075448469,4058075448483,4058075448445,4058075448421,4058075448889,4058075448902,4058075448926,4058075448841,4058075448865,4058075448742"]
["EAC N RU D-DE.MU62.B.01275_20 26.03.2020-25.03.2025 Prommash Test.pdf",null,null,null,null,null,null,null,"4058075448766,4058075448780,4058075448360,4058075448384,4058075105195,4058075105157,4058075264243,4058075105379,4058075105638"]
["EAC N RU D-DE.MU62.B.01271_20 26.03.2020-25.03.2025 Prommash Test.pdf",null,null,null,null,null,null,null,"4058075057142,4058075369009,4058075369030,4058075056688,4058075315822,4058075315853,4058075448407,4058075432093,4058075271944,4058075271746,4058075432048,4058075811553,4058075271791,4058075811454,4058075812697,4058075811515,4058075811812,4058075812710,4058075271845,4058075271890,4058075811959,4058075811430,4058075812017,4058075263925"]
["EAC N RU D-DE.MU62.B.01305_20 27.03.2020-26.03.2025 Prommash Test.pdf",null,null,null,null,null,null,null,"4058075293199,4058075293205,4058075293212,4058075290815,4058075808706,4058075808980,4052899972360,4058075808997,4058075269729,4058075269705,4058075270046,4058075270022,4052899962095,4058075293090,4058075293298,4058075293359,4058075293434,4058075293496,4058075269927,4058075269903,4052899962071,4058075809406,4058075808171,4058075808188,4058075091979,4058075091993,4058075092013,4058075092037,4058075091955,4058075092112,4058075092136,4058075269941,4058075269989,4058075270008,4058075269965"]
["EAC N RU D-DE.MU62.B.01333_20 30.03.2020-29.03.2025 Prommash Test.pdf",null,null,null,null,null,null,null,"4052899971516,4058075086616,4052899971523,4058075096387,4058075096417,4058075161917,4052899971554,4058075086647,4052899971561,4052899971578,4058075086678,4052899971585,4058075056985,4058075057043,4058075318540,4058075055292,4058075055315,4058075055339,4058075439917,4058075462571,4058075462595,4058075462618,4058075462632,4058075462533,4058075462557,4058075271708"]
["EAC N RU D-DE.MU62.B.01358_20 31.03.2020-30.03.2025 Prommash Test.pdf",null,null,null,null,null,null,null,"4058075433243,4058075463165,4058075463189,4058075463288,4058075463301,4058075463202,4058075463226,4058075463240,4058075463264,4058075463127"]
["EAC N RU D-DE.MU62.B.01362_20 31.03.2020-30.03.2025 Prommash Test.pdf",null,null,null,null,null,null,null,"4058075212398,4058075212428,4058075212336,4058075212367,4058075217805,4058075217836,4058075439276,4058075439290,4058075439214,4058075438996,4058075439399,4058075439412,4058075438958,4058075439238,4058075439177,4058075439016,4058075439337,4058075438798,4058075439375,4058075438835,4058075438811,4058075439313,4058075439252,4058075438934,4058075439351,4058075438897,4058075438859,4058075439030,4058075439054,4058075287303,4058075287327,4058075287624,4058075293168,4052899961289,4052899961302,4058075133471,4058075133426,4058075133525"]
["EAC N RU D-DE.MU62.B.01662_20 29.04.2020-28.04.2025 Prommash Test.pdf",null,null,null,null,null,null,null,"4058075448728,4058075448704,4058075448681,4058075449107,4058075449084,4058075449060,4058075449282,4058075449268,4058075449244,4058075449169,4058075449145,4058075449121,4058075449220,4058075449183,4058075449206,4058075449343,4058075449329,4058075449305,4052899958104,4052899451735,4052899958128,4058075815636,4058075815674,4058075096462,4058075096448,4058075449046,4058075449022,4058075449008,4058075260078,4058075051669,4058075061149,4058075260092,4058075061187,4058075260030,4058075431652,4058075431638,4058075431614,4058075449589,4058075449565,4058075449541,4058075449527,4058075449503,4058075449480,4058075431577,4058075431553,4058075431539,4058075431492,4058075431478,4058075431430,4058075449466,4058075449442,4058075449428,4058075431379,4058075431355,4058075431317,4058075431256,4058075431218,4058075431157,4058075449404,4058075449381,4058075449367,4058075303027,4058075260016,4058075259997,4058075259898,4058075259973,4058075259959,4058075259874,4058075260139,4058075260115,4058075260054,4058075095489,4058075095441,4058075095540,4058075096561,4058075259935,4058075259911,4058075259850,4052899958111,4058075023475,4052899958142,4052899958173,4058075815872,4058075815650,4052899958180,4058075096486,4058075096622,4058075055155,4058075817715,4058075096646,4058075096660,4058075096684,4058075096769,4058075096783,4058075096707,4058075096721,4058075096745,4058075095120,4052899957749"]
["EAC N RU D-DE.MU62.B.01819_20 01.06.2020-31.05.2025 Prommash Test.pdf",null,null,null,null,null,null,null,"4058075438590, 4058075438637"]
["EAC N RU D-DE.MU62.B.01902_20 16.06.2020-15.06.2025 Prommash Test.pdf",null,null,null,null,null,null,null,"4058075480162,4058075480186,4058075480209"]
["EAC RU C-DE.AYA46.B.14742_20 24.07.2020-23.07.2025 Rostest Moskva.pdf",null,null,null,null,null,null,null,"4052899981126,4052899981133,4052899981140,4052899981157,4058075373594,4058075373624,4058075129009,4058075129030,4058075129061,4058075129092,4058075129122,4058075129153,4058075229068,4058075229099,4058075229006,4058075229037,4058075480407,4058075480438,4058075480469,4058075480490,4058075480520,4058075480551,4058075480582,4058075480612,4058075481107,4058075481138,4058075481169,4058075481190,4058075481220,4058075481251"]
["EAC N RU D-DE.MU62.B.02240_20 17.09.2020-16.09.2025 Prommash Test.pdf",null,null,null,null,null,null,null,"4058075448803, 4058075448827"]
["EAC N RU D-DE.MU62.B.02241_20 17.09.2020-16.09.2025 Prommash Test.pdf",null,null,null,null,null,null,null,"4058075293229,4058075293236,4058075293243,4058075293274"]
["EAC N RU D-DE.MU62.B.02248_20 18.09.2020-17.09.2025 Prommash Test.pdf",null,null,null,null,null,null,null,"4058075454620,4058075454644,4058075454668,4058075454682,4058075454705,4058075454729,4058075454446,4058075454460,4058075454484,4058075454507,4058075454521,4058075454545,4058075454569,4058075454583,4058075454606,4058075137646,4058075137660,4058075137684,4058075137707,4058075137721,4058075137745"]
["EAC N RU D-DE.MU62.B.02249_20 18.09.2020-17.09.2025 Prommash Test.pdf",null,null,null,null,null,null,null,"4058075453845,4058075453869,4058075453883,4058075453906,4058075453920,4058075453944,4058075452220,4058075452244"]
["EAC N RU D-DE.PA01.B.98580_21 16.02.2021-15.02.2026.pdf",null,null,null,null,null,null,null,"4058075449732,4058075433069,4058075449756,4058075093874,4058075093898,4058075450042,4058075093812,4058075093836,4058075450073,4058075428300,4058075428324,4058075428287,4058075449831,4058075432307,4058075449862,4058075432338,4058075432369,4058075449893,4058075432390,4058075432420,4058075045750,4058075428348,4058075428263,4052899390133,4058075431676,4052899390171,4052899390195,4058075112544,4058075431713,4058075433564,4058075433540,4058075453661,4058075433687,4058075433526,4058075433700,4058075433502,4058075125940,4058075126008,4058075097285,4058075433328,4058075433281,4058075097124,4058075433304,4058075097209,4058075433267,4058075433724,4058075433649,4058075433748,4058075433625,4058075448582,4058075448629,4058075448544,4058075448520,4058075448605,4058075448568,4058075448643,4058075448988"]
["EAC N RU D-DE.MU62.B.01171/20 20.03.2020-19.03.2025 Prommash Test.pdf",null,null,null,null,null,null,null,"4058075135864, 4058075135888"]

{"sheet":"Sheet2","index":1,"n_rows":46,"n_cols":2,"rows_kept":46,"cut":false,"hidden":false,"merged":[]}
["Import Datei Name","Related Products (ZMP oder EAN kommagetrennt)"]
["RU C-DE.AYA46.B.85892 29.06.2018-28.06.2023 ROSTEST-Moskva.pdf","4058075817739,4058075817777,4058075817753,4058075817791"]
["RU C-DE.AYA46.B.87420 06.09.2018-28.06.2023 ROSTEST-Moskva.pdf","4052899937154,4052899956384,4058075183001,4058075183087,4058075183063,4058075183100,4058075454743,4058075454767,4058075454781,4058075454804,4058075454828,4058075454842,4058075187337,4058075187351,4058075187375,4058075187399,4058075187634,4058075187658,4058075136410,4058075024632,4058075024717,4058075454620,4058075454644,4058075454668,4058075454682,4058075454705,4058075454729,4058075454446,4058075454460,4058075454484,4058075454507,4058075454521,4058075454545,4058075454569,4058075454583,4058075454606,4058075136472,4058075136458"]
["RU C-DE.AJ40.B.00590_19 29.10.2019-28.10.2024 SamaraTest.pdf","4058075056688,4058075315822,4058075315853,4058075811553,4058075271791,4058075811454,4058075812697,4058075811515,4058075811812,4058075812710,4058075271845,4058075271890"]
["RU_RU C-DE.AJ40.B.00751_19 28.12.2019-27.12.2024 SamaraTest.pdf","4058075134782,4058075134812,4058075403376,4058075403406,4058075210981,4058075211018,4058075448728,4058075448704,4058075448681,4058075449107,4058075449084,4058075449060,4058075449282,4058075449268,4058075449244,4058075449169,4058075449145,4058075449121,4058075449220,4058075449183,4058075449206,4058075449343,4058075449329,4058075449305,4052899958104,4052899451735,4052899958128,4058075815636,4058075815674,4058075096462,4058075096448,4058075449046,4058075449022,4058075449008,4058075260078,4058075051669,4058075061149,4058075260092,4058075061187,4058075260030,4058075260016,4058075259997,4058075259898,4058075259973,4058075259959,4058075259874,4058075260139,4058075260115,4058075260054,4058075095489,4058075095441,4058075095540,4058075096561,4058075259935,4058075259911,4058075259850,4052899958111,4058075023475,4052899958142,4052899958173,4058075815872,4058075815650,4052899958180,4058075096486,4058075105638,4058075481343,4058075481374,4058075481404,4058075481497,4058075481527,4058075481558"]
["EAC RU C-DE.AYA46.B.15162_20 20.08.2020-19.08.2025 Rostest-Moskva.pdf","4052899971660,4058075160842,4058075160897,4058075057142,4058075369009,4058075369030,4058075431652,4058075431638,4058075431614,4058075449589,4058075449565,4058075449541,4058075449527,4058075449503,4058075449480,4058075431577,4058075431553,4058075431539,4058075431492,4058075431478,4058075431430,4058075449466,4058075449442,4058075449428,4058075431379,4058075431355,4058075431317,4058075431256,4058075431218,4058075431157,4058075449404,4058075449381,4058075449367,4058075448407,4058075448766,4058075448780,4058075448469,4058075448483,4058075448445,4058075448421,4058075448889,4058075448902,4058075448926,4058075448841,4058075448865,4058075448742,4058075432093,4058075271944,4058075271746,4058075432048,4058075095120,4052899957749,4058075811959,4058075811430,4058075812017,4058075263925,4058075105195,4058075105157,4058075481282,4058075481312"]
["RU C-DE.AYA46.B.89892 23.11.2018-27.02.2023 ROSTEST-Moskva.pdf","4058075055292,4058075055315,4058075055339,4058075068353,4058075116672,4058075116702,4058075055452,4058075055391,4058075212398,4058075212428,4058075212336,4058075212367,4058075217805,4058075217836,4058075068377,4052899971639,4058075808706,4058075808980,4058075439856,4058075438514,4058075439597,4052899961654,4058075817173,4058075819658,4058075288645,4058075288669,4058075288683,4058075817135,4058075817234,4058075808416,4052899972360,4058075808997,4052899962095,4052899962071,4058075809406,4058075808171,4058075808188,4058075091979,4058075091993,4058075092013,4058075092037,4058075091955,4058075092112,4058075092136,4058075269941,4058075269989,4058075270008,4058075269965,4058075133471,4058075133426,4058075133525"]
["RU C-DE.AYA46.B.04192_19 08.05.2019-07.05.2024 ROSTEST-Moskva.pdf","4052899149229,4052899971516,4058075086616,4052899971523,4058075096387,4058075096417,4058075161917,4052899971554,4058075086647,4052899971561,4052899971578,4058075086678,4052899971585,4058075056985,4058075057043,4058075318540,4058075318120,4052899971608,4058075056886,4058075134171,4058075134140,4058075134232,4058075134201,4058075210684,4058075210714,4058075210745,4058075210776,4052899971622,4052899971615,4058075056923,4052899971646,4058075134294,4058075134263,4058075134355,4058075134324,4058075210806,4058075210837,4058075210868,4058075210899,4058075055414,4058075055353,4058075055438,4058075282544,4058075282575,4058075282629,4058075282650,4058075463165,4058075463189,4058075463288,4058075463301,4058075463202,4058075463226,4058075463240,4058075463264,4058075463127,4058075463349,4058075463141,4058075264267,4058075264304,4058075264083,4058075264069,4058075264106,4052899961289,4052899961302,4058075448629,4058075448544,4058075448520,4058075448605,4058075448568,4058075448643,4058075448988,4058075318274,4058075467620,4058075467668,4058075467705,4058075467767,4058075467873,4058075467934"]
["RU C-DE.AYA46.B.85894 29.06.2018-28.06.2023 ROSTEST-Moskva.pdf","4058075135086,4058075135109,4058075024915,4058075024939,4058075024977,4058075024991"]
["EAC RU C-DE.AYA46.B.14999_20 11.08.2020-10.08.2025 Rostest-Moskva.pdf","4058075106635,4058075106666,4058075210929,4058075210950,4058075448803,4058075448827,4058075496378,4058075496408"]
["RU C-DE.AJ40.B.00570_19 23.10.2019-22.10.2024 SamaraTest.pdf","4058075439917,4058075448360,4058075448384,4058075433243,4058075462571,4058075462595,4058075462618,4058075462632,4058075462533,4058075462557,4058075303027,4058075096622,4058075055155,4058075817715,4058075096646,4058075096660,4058075096684,4058075096769,4058075096783,4058075096707,4058075096721,4058075096745,4058075292635,4058075292659,4058075292673,4058075292697,4058075264243,4058075105379,4058075303485,4058075811874,4058075169050,4058075811850,4058075271999,4058075812192,4058075812178,4058075169029,4058075812116,4058075812130,4058075168992,4058075362949,4058075362963,4058075124783,4058075124806,4058075124820,4058075124844,4058075127234,4058075124868,4058075124943,4058075124967,4058075124981,4058075125001,4058075135864,4058075135888,4058075284722,4058075284746,4058075271708,4058075453845,4058075453869,4058075453883,4058075453906,4058075453920,4058075453944,4058075452220,4058075452244,4058075448582"]
["RU C-DE.HA10.B.00405_19 24.01.2019-23.01.2024 Expert Sertifikaciya.pdf","4058075135529,4058075135567,4058075135604,4058075135543,4058075135581,4058075135208,4058075135222,4058075135246,4058075135260,4058075135284,4058075135307,4058075135321,4058075135345,4058075135369,4058075135383,4058075135406,4058075135420,4058075260887,4058075260900,4058075135444,4058075135468,4058075135482,4058075135505,4058075137585,4058075137608,4058075137622,4058075137769,4058075137783,4058075137806,4058075137820,4058075137400,4058075137424,4058075137448,4058075137462,4058075137486,4058075137509,4058075137523,4058075137547,4058075137561,4058075137844,4058075137868,4058075137882,4058075137905,4058075137929,4058075137943,4058075137967,4058075137981,4058075138001,4058075138025,4058075138049,4058075138063,4058075138087,4058075138100,4058075138124,4058075138148,4058075138162,4058075138186,4058075138209,4058075138223,4058075138247,4058075137646,4058075137660,4058075137684,4058075137707,4058075137721,4058075137745"]
["RU C-DE.AJ40.B.00569_19 23.10.2019-22.10.2024 SamaraTest.pdf","4058075230354,4058075230385,4058075212459,4058075212480,4058075212510,4058075212541,4058075218147,4058075218178,4058075218208,4058075218239,4058075230415,4058075230446,4058075439719,4058075439696,4058075439672,4058075439658,4058075439634,4058075439276,4058075439290,4058075439214,4058075438996,4058075439399,4058075439412,4058075438958,4058075439238,4058075439177,4058075439016,4058075439870,4058075439610,4058075438538,4058075439573,4058075439818,4058075439795,4058075438453,4058075439733,4058075439757,4058075439337,4058075438798,4058075439375,4058075438835,4058075287648,4058075438651,4058075439511,4058075439535,4058075439139,4058075287662,4058075438576,4058075439153,4058075438811,4058075439313,4058075439252,4058075438934,4058075439351,4058075438897,4058075438859,4058075287945,4058075287969,4058075287983,4058075438613,4058075439092,4058075439078,4058075438675,4058075288027,4058075438552,4058075439436,4058075439115,4058075438774,4058075439498,4058075439030,4058075439054,4058075438736,4058075293199,4058075293205,4058075293212,4058075290815,4058075439474,4058075438590,4058075287303,4058075287327,4058075287624,4058075287501,4058075287549,4058075287525,4058075287563,4058075293168,4058075288300,4058075288348,4058075269729,4058075269705,4058075270046,4058075270022,4058075293090,4058075293298,4058075293359,4058075293434,4058075293496,4058075269927,4058075269903,4058075287365,4058075293229,4058075293236,4058075293243,4058075293274,4058075438637"]
["RU C-DE.AYA46.B.06895_19 22.08.2019-21.08.2024 ROSTEST-Moskva.pdf","4058075377462,4058075377486,4058075377509,4058075377523,4058075377547,4058075377561,4058075480162,4058075480186,4058075480209"]
["EAC N RU D-DE.MU62.B.00891_20 05.02.2020-04.03.2025 Prommash Test.pdf","4058075183001,4058075183087,4058075183063,4058075183100"]
["EAC N RU D-DE.MU62.B.00928_20 06.03.2020-05.03.2025 Prommash Test.pdf","4052899971622,4052899971615,4058075056923,4052899971646,4058075134294,4058075134263,4058075134355,4058075134324,4058075210806,4058075210837,4058075210868,4058075210899,4058075068377,4052899971639,4058075212459,4058075212480,4058075212510,4058075212541,4058075218147,4058075218178,4058075218208,4058075218239,4052899971660,4058075160842,4058075160897,4052899981126,4052899981133,4052899981140,4052899981157,4058075373594,4058075373624,4058075129009,4058075129030,4058075129061,4058075129092,4058075129122,4058075129153,4058075229068,4058075229099,4058075229006,4058075229037,4058075318274,4058075467705,4058075467767,4058075467934,4058075480407,4058075480438,4058075480469,4058075480490,4058075480520,4058075480551,4058075480582,4058075480612,4058075481107,4058075481138,4058075481169,4058075481190,4058075481220,4058075481251,4058075481282,4058075481312"]
["EAC N RU D-DE.MU62.B.01057_20 13.03.2020-12.03.2025 Prommash Test.pdf","4058075135529,4058075135567,4058075135604,4058075135543,4058075135581,4058075817739,4058075817777,4058075817753,4058075817791"]
["EAC N RU D-DE.MU62.B.01070_20 16.03.2020-15.03.2025 Prommash Test.pdf","4058075377462,4058075377486,4058075377509,4058075377523,4058075377547,4058075377561"]
["EAC N RU D-DE.MU62.B.01076_20 16.03.2020-15.03.2025 Prommash Test.pdf","4058075135444,4058075135468,4058075135482,4058075135505"]
["EAC N RU D-DE.MU62.B.01095_20 16.03.2020-15.03.2025 Prommash Test.pdf","4058075362949,4058075362963,4058075124783,4058075124806,4058075124820,4058075124844,4058075127234,4058075124868,4058075124943,4058075124967,4058075124981,4058075125001,4058075284722,4058075284746"]
["EAC N RU D-DE.MU62.B.01114_20 17.03.2020-16.03.2025 Prommash Test.pdf","4058075264267,4058075264304,4058075264083,4058075264069,4058075264106"]
["EAC N RU D-DE.MU62.B.01155_20 20.03.2020-19.03.2025 Prommash Test.pdf","4058075230354,4058075230385,4058075230415,4058075230446"]
["EAC N RU D-DE.MU62.B.01165_20 20.03.2020-19.03.2025 Prommash Test.pdf","4058075135086,4058075135109,4058075024915,4058075024939,4058075024977,4058075024991,4058075135208,4058075135222,4058075135246,4058075135260,4058075135284,4058075135307,4058075135321,4058075135345,4058075135369,4058075135383,4058075135406,4058075135420,4058075260887,4058075260900"]
["EAC N RU D-DE.MU62.B.01191_20 24.03.2020-23.03.2025 Prommash Test.pdf","4058075454743,4058075454767,4058075454781,4058075454804,4058075454828,4058075454842,4058075187337,4058075187351,4058075187375,4058075187399,4058075187634,4058075187658,4058075136410,4058075137585,4058075137608,4058075137622,4058075137769,4058075137783,4058075137806,4058075137820,4058075137400,4058075137424,4058075137448,4058075137462,4058075137486,4058075137509,4058075137523,4058075137547,4058075137561,4058075024632,4058075024717,4058075137844,4058075137868,4058075137882,4058075137905,4058075137929,4058075137943,4058075137967,4058075137981,4058075138001,4058075138025,4058075138049,4058075138063,4058075138087,4058075138100,4058075138124,4058075138148,4058075138162,4058075138186,4058075138209,4058075138223,4058075138247,4058075136472,4058075136458"]
["EAC N RU D-DE.MU62.B.01215_20 24.03.2020-23.03.2025 Prommash Test.pdf","4058075055414,4058075055353,4058075282544,4058075282575,4058075282629,4058075282650,4058075292635,4058075292659,4058075292673,4058075292697"]
["EAC N RU D-DE.MU62.B.01212_20 24.03.2020-23.03.2025 Prommash Test.pdf","4058075134782,4058075134812,4058075403376,4058075403406,4058075210981,4058075211018,4058075106635,4058075106666,4058075210929,4058075210950,4058075481343,4058075481374,4058075481404,4058075481497,4058075481527,4058075481558,4058075496378,4058075496408"]
["EAC N RU D-DE.MU62.B.01211_20 24.03.2020-23.03.2025 Prommash Test.pdf","4058075318120,4052899971608,4058075056886,4058075134171,4058075134140,4058075134232,4058075134201,4058075210684,4058075210714,4058075210745,4058075210776,4058075068353,4058075116672,4058075116702,4058075467620,4058075467668,4058075467873"]
["EAC N RU D-DE.MU62.B.01209_20 24.03.2020-23.03.2025 Prommash Test.pdf","4058075055452,4058075055391,4058075439719,4058075439696,4058075439672,4058075439658,4058075439634,4058075439870,4058075439610,4058075438538,4058075439573,4058075439818,4058075439795,4058075438453,4058075439733,4058075439757,4058075287648,4058075438651,4058075439511,4058075439535,4058075439139,4058075287662,4058075438576,4058075439153,4058075287945,4058075287969,4058075287983,4058075438613,4058075439092,4058075439078,4058075438675,4058075288027,4058075438552,4058075439436,4058075439115,4058075438774,4058075439498,4058075438736,4058075463349,4058075463141,4058075439474,4058075439856,4058075438514,4058075439597,4052899961654,4058075817173,4058075819658,4058075288645,4058075288669,4058075288683,4058075287501,4058075287549,4058075817135,4058075817234,4058075808416,4058075287525,4058075287563,4058075288300,4058075288348,4058075303485,4058075287365"]
["EAC N RU D-DE.MU62.B.01225_20 25.03.2020-24.03.2025 Prommash Test.pdf","4058075811874,4058075169050,4058075811850,4058075271999,4058075812192,4058075812178,4058075169029,4058075812116,4058075812130,4058075168992"]
["EAC N RU D-DE.MU62.B.01259_20 26.03.2020-25.03.2025 Prommash Test.pdf","4058075448469,4058075448483,4058075448445,4058075448421,4058075448889,4058075448902,4058075448926,4058075448841,4058075448865,4058075448742"]
["EAC N RU D-DE.MU62.B.01275_20 26.03.2020-25.03.2025 Prommash Test.pdf","4058075448766,4058075448780,4058075448360,4058075448384,4058075105195,4058075105157,4058075264243,4058075105379,4058075105638"]
["EAC N RU D-DE.MU62.B.01271_20 26.03.2020-25.03.2025 Prommash Test.pdf","4058075057142,4058075369009,4058075369030,4058075056688,4058075315822,4058075315853,4058075448407,4058075432093,4058075271944,4058075271746,4058075432048,4058075811553,4058075271791,4058075811454,4058075812697,4058075811515,4058075811812,4058075812710,4058075271845,4058075271890,4058075811959,4058075811430,4058075812017,4058075263925"]
["EAC N RU D-DE.MU62.B.01305_20 27.03.2020-26.03.2025 Prommash Test.pdf","4058075293199,4058075293205,4058075293212,4058075290815,4058075808706,4058075808980,4052899972360,4058075808997,4058075269729,4058075269705,4058075270046,4058075270022,4052899962095,4058075293090,4058075293298,4058075293359,4058075293434,4058075293496,4058075269927,4058075269903,4052899962071,4058075809406,4058075808171,4058075808188,4058075091979,4058075091993,4058075092013,4058075092037,4058075091955,4058075092112,4058075092136,4058075269941,4058075269989,4058075270008,4058075269965"]
["EAC N RU D-DE.MU62.B.01333_20 30.03.2020-29.03.2025 Prommash Test.pdf","4052899971516,4058075086616,4052899971523,4058075096387,4058075096417,4058075161917,4052899971554,4058075086647,4052899971561,4052899971578,4058075086678,4052899971585,4058075056985,4058075057043,4058075318540,4058075055292,4058075055315,4058075055339,4058075439917,4058075462571,4058075462595,4058075462618,4058075462632,4058075462533,4058075462557,4058075271708"]
["EAC N RU D-DE.MU62.B.01358_20 31.03.2020-30.03.2025 Prommash Test.pdf","4058075433243,4058075463165,4058075463189,4058075463288,4058075463301,4058075463202,4058075463226,4058075463240,4058075463264,4058075463127"]
["EAC N RU D-DE.MU62.B.01362_20 31.03.2020-30.03.2025 Prommash Test.pdf","4058075212398,4058075212428,4058075212336,4058075212367,4058075217805,4058075217836,4058075439276,4058075439290,4058075439214,4058075438996,4058075439399,4058075439412,4058075438958,4058075439238,4058075439177,4058075439016,4058075439337,4058075438798,4058075439375,4058075438835,4058075438811,4058075439313,4058075439252,4058075438934,4058075439351,4058075438897,4058075438859,4058075439030,4058075439054,4058075287303,4058075287327,4058075287624,4058075293168,4052899961289,4052899961302,4058075133471,4058075133426,4058075133525"]
["EAC N RU D-DE.MU62.B.01662_20 29.04.2020-28.04.2025 Prommash Test.pdf","4058075448728,4058075448704,4058075448681,4058075449107,4058075449084,4058075449060,4058075449282,4058075449268,4058075449244,4058075449169,4058075449145,4058075449121,4058075449220,4058075449183,4058075449206,4058075449343,4058075449329,4058075449305,4052899958104,4052899451735,4052899958128,4058075815636,4058075815674,4058075096462,4058075096448,4058075449046,4058075449022,4058075449008,4058075260078,4058075051669,4058075061149,4058075260092,4058075061187,4058075260030,4058075431652,4058075431638,4058075431614,4058075449589,4058075449565,4058075449541,4058075449527,4058075449503,4058075449480,4058075431577,4058075431553,4058075431539,4058075431492,4058075431478,4058075431430,4058075449466,4058075449442,4058075449428,4058075431379,4058075431355,4058075431317,4058075431256,4058075431218,4058075431157,4058075449404,4058075449381,4058075449367,4058075303027,4058075260016,4058075259997,4058075259898,4058075259973,4058075259959,4058075259874,4058075260139,4058075260115,4058075260054,4058075095489,4058075095441,4058075095540,4058075096561,4058075259935,4058075259911,4058075259850,4052899958111,4058075023475,4052899958142,4052899958173,4058075815872,4058075815650,4052899958180,4058075096486,4058075096622,4058075055155,4058075817715,4058075096646,4058075096660,4058075096684,4058075096769,4058075096783,4058075096707,4058075096721,4058075096745,4058075095120,4052899957749"]
["EAC N RU D-DE.MU62.B.01819_20 01.06.2020-31.05.2025 Prommash Test.pdf","4058075438590, 4058075438637"]
["EAC N RU D-DE.MU62.B.01902_20 16.06.2020-15.06.2025 Prommash Test.pdf","4058075480162,4058075480186,4058075480209"]
["EAC RU C-DE.AYA46.B.14742_20 24.07.2020-23.07.2025 Rostest Moskva.pdf","4052899981126,4052899981133,4052899981140,4052899981157,4058075373594,4058075373624,4058075129009,4058075129030,4058075129061,4058075129092,4058075129122,4058075129153,4058075229068,4058075229099,4058075229006,4058075229037,4058075480407,4058075480438,4058075480469,4058075480490,4058075480520,4058075480551,4058075480582,4058075480612,4058075481107,4058075481138,4058075481169,4058075481190,4058075481220,4058075481251"]
["EAC N RU D-DE.MU62.B.02240_20 17.09.2020-16.09.2025 Prommash Test.pdf","4058075448803, 4058075448827"]
["EAC N RU D-DE.MU62.B.02241_20 17.09.2020-16.09.2025 Prommash Test.pdf","4058075293229,4058075293236,4058075293243,4058075293274"]
["EAC N RU D-DE.MU62.B.02248_20 18.09.2020-17.09.2025 Prommash Test.pdf","4058075454620,4058075454644,4058075454668,4058075454682,4058075454705,4058075454729,4058075454446,4058075454460,4058075454484,4058075454507,4058075454521,4058075454545,4058075454569,4058075454583,4058075454606,4058075137646,4058075137660,4058075137684,4058075137707,4058075137721,4058075137745"]
["EAC N RU D-DE.MU62.B.02249_20 18.09.2020-17.09.2025 Prommash Test.pdf","4058075453845,4058075453869,4058075453883,4058075453906,4058075453920,4058075453944,4058075452220,4058075452244"]
["EAC N RU D-DE.PA01.B.98580_21 16.02.2021-15.02.2026.pdf","4058075449732,4058075433069,4058075449756,4058075093874,4058075093898,4058075450042,4058075093812,4058075093836,4058075450073,4058075428300,4058075428324,4058075428287,4058075449831,4058075432307,4058075449862,4058075432338,4058075432369,4058075449893,4058075432390,4058075432420,4058075045750,4058075428348,4058075428263,4052899390133,4058075431676,4052899390171,4052899390195,4058075112544,4058075431713,4058075433564,4058075433540,4058075453661,4058075433687,4058075433526,4058075433700,4058075433502,4058075125940,4058075126008,4058075097285,4058075433328,4058075433281,4058075097124,4058075433304,4058075097209,4058075433267,4058075433724,4058075433649,4058075433748,4058075433625,4058075448582,4058075448629,4058075448544,4058075448520,4058075448605,4058075448568,4058075448643,4058075448988"]
["EAC N RU D-DE.MU62.B.01171/20 20.03.2020-19.03.2025 Prommash Test.pdf","4058075135864, 4058075135888"]

{"sheet":"Options","index":2,"n_rows":267,"n_cols":14,"rows_kept":267,"cut":false,"hidden":false,"merged":[]}
["yes",1,null,"Audio","MediaAudio",null,"No Language ","NO_LANG",null,"Afghanistan","AF",null,"N/A","NOTSET"]
["no",0,null,"Video","MediaVideo",null,"Deutsch ","DE",null,"Albania","AL",null,"free to use - no limitation","donotdistribute"]
[null,null,null,"360 deg. product video","MediaVideo360",null,"Bosnian ","BS",null,"Algeria","DZ",null,"Rights for LEDVANCE and Partner","im_oap"]
[null,null,null,"Preview Thumbnail","MediaAudioVideoPreviewThumbnail",null,"Bulgarian ","BG",null,"Andorra","AD",null,"Rights only for the purposes of all LEDVANCE Companies","im_oc"]
[null,null,null,"Software","SoftwareSoftware",null,"Croatian ","HR",null,"Angola","AO",null,"Invisible (Thinkstock / LEDVANCE only)","Invisible"]
[null,null,null,"Background: white, horizontal, OSRAM logo","ProdImgBackWhiteHorizOsrLogoFlat",null,"Czech ","CS",null,"Antigua and Barbuda","AG"]
[null,null,null,"Background: white, horizontal, LEDVANCE logo","ProdImgBackWhiteHorizLdvLogoFlat",null,"Danish ","DA",null,"Argentina","AR"]
[null,null,null,"Background: white, horizontal, SYLVANIA logo","ProdImgBackWhiteHorizSylLogoFlat",null,"Dutch ","NL",null,"Armenia","AM"]
[null,null,null,"Background: white, upright, OSRAM logo","ProdImgBackWhiteUprightOsrLogoFlat",null,"English ","EN",null,"Australia","AU"]
[null,null,null,"Background: white, upright, LEDVANCE logo","ProdImgBackWhiteUprightLdvLogoFlat",null,"Estonian ","ET",null,"Austria","AT"]
[null,null,null,"Background: white, upright, SYLVANIA logo","ProdImgBackWhiteUprightSylLogoFlat",null,"Finnish ","FI",null,"Azerbaijan","AZ"]
[null,null,null,"Background: white, backside","ProdImgBackWhiteUprightBackside",null,"French ","FR",null,"Bahamas","BS"]
[null,null,null,"Background: white, profile","ProdImgBackWhiteUprightProfile",null,"Greek ","EL",null,"Bahrain","BH"]
[null,null,null,"zBackground: old blue (archived) - do not use","ProdImgBackOldBlueDiagFlat",null,"Hungarian ","HU",null,"Bangladesh","BD"]
[null,null,null,"Background: other","ProdImgBackOtherFlat",null,"Italien ","IT",null,"Barbados","BB"]
[null,null,null,"Background: white, diagonal","ProdImgBackWhiteDiagFlat",null,"Korean ","KO",null,"Belarus","BY"]
[null,null,null,"Background: white, diagonal, alternat","ProdImgBackWhiteDiagAlternatFlat",null,"Latvian ","LV",null,"Belgium","BE"]
[null,null,null,"Background: white, diagonal, shadow","ProdImgBackWhiteDiagShadowFlat",null,"Lithuanian ","LT",null,"Belize","BZ"]
[null,null,null,"Background: white, horizontal","ProdImgBackWhiteHorizFlat",null,"Polish ","PL",null,"Benin","BJ"]
[null,null,null,"Background: white, horizontal, shadow","ProdImgBackWhiteHorizShadowFlat",null,"Portuguese ","PT",null,"Bhutan","BT"]
[null,null,null,"Background: white, upright","ProdImgBackWhiteUprightFlat",null,"Romanian ","RO",null,"Bolivia","BO"]
[null,null,null,"Background: white, upright, shadow","ProdImgBackWhiteUprightShadowFlat",null,"Russian ","RU",null,"Bosnia and Herzegovina","BA"]
[null,null,null,"Background: white, diagonal, OSRAM logo","ProdImgBackWhiteDiagOsrLogoFlat",null,"Serbian ","SR",null,"Botswana","BW"]
[null,null,null,"Background: white, diagonal, LEDVANCE logo","ProdImgBackWhiteDiagLdvLogoFlat",null,"Simplified Chinese ","CN",null,"Brazil","BR"]
[null,null,null,"Background: white, diagonal, SYLVANIA logo","ProdImgBackWhiteDiagSylLogoFlat",null,"Slovak ","SK",null,"Brunei","BN"]
[null,null,null,"Background: white, horizontal, alternat","ProdImgBackWhiteHorizAlternatFlat",null,"Slovenian ","SL",null,"Bulgaria","BG"]
[null,null,null,"Background: white, upright, alternat","ProdImgBackWhiteUprightAlternatFlat",null,"Spanish ","ES",null,"Burkina Faso","BF"]
[null,null,null,"Background: white, upright, sw. on","ProdImgBackWhiteUprightSwOn",null,"Swedish ","SV",null,"Burundi","BI"]
[null,null,null,"Mounted luminaire, switched off","ProdImgMountedLuminaireSwitchedOff",null,"Traditional Chinese ","TW",null,"Cambodia","KH"]
[null,null,null,"Mounted luminaire, switched on","ProdImgMountedLuminaireSwitchedOn",null,"Turkish ","TR",null,"Cameroon","CM"]
[null,null,null,"No image fallback","ProdImgNoImgFallback",null,null,null,null,"Canada","CA"]
[null,null,null,"Detail","ProdImgDetailFlat",null,null,null,null,"Cape Verde","CV"]
[null,null,null,"Product family","ProdImgProdFamilyFlat",null,null,null,null,"Central African Republic","CF"]
[null,null,null,"Layer images, diagonal","ProdImgLayerImgDiag",null,null,null,null,"Chad","TD"]
[null,null,null,"Layer images, upright","ProdImgLayerImgUpright",null,null,null,null,"Chile","CL"]
[null,null,null,"Layer images, horizontal","ProdImgLayerImgHoriz",null,null,null,null,"China, People's Republic of","CN"]
[null,null,null,"Layer images","ProdImgLayerImg",null,null,null,null,"Colombia","CO"]
[null,null,null,"Beauty Shot","ProdImgBeautyShots",null,null,null,null,"Comoros","KM"]
[null,null,null,"Background: white, incl. accessory","ProdImgAccessories",null,null,null,null,"Congo, (Congo Â– Kinshasa)","CD"]
[null,null,null,"Background: white, visualized function","ProdImgVisFunc",null,null,null,null,"Congo, (Congo Â– Brazzaville)","CG"]
[null,null,null,"Background: white, bottom view","ProdImgBotView",null,null,null,null,"Costa Rica","CR"]
[null,null,null,"Background: white, left side","ProdImgLeftSide",null,null,null,null,"Cote d'Ivoire (Ivory Coast)","CI"]
[null,null,null,"Background: white, right side","ProdImgRightSide",null,null,null,null,"Croatia","HR"]
[null,null,null,"Background: white, spacial","ProdImgSpacial",null,null,null,null,"Cuba","CU"]
[null,null,null,"Background: white, top view","ProdImgTopView",null,null,null,null,"Cyprus","CY"]
[null,null,null,"Banner","ImgBanner",null,null,null,null,"Czech Republic","CZ"]
[null,null,null,"Display","ImgDisplay",null,null,null,null,"Denmark","DK"]
[null,null,null,"Logo","ImgLogo",null,null,null,null,"Djibouti","DJ"]
[null,null,null,"Thumbnail","ImgThumbnail",null,null,null,null,"Dominica","DM"]
[null,null,null,"Application Pictures","AppImgNoLimit",null,null,null,null,"Dominican Republic","DO"]
[null,null,null,"Application Pictures NO PRINT WEB ONLY","AppImgNoPrintWebOnly",null,null,null,null,"Ecuador","EC"]
[null,null,null,"Application Pictures NO EXPORT NO PRINT","AppImgNoExportNoPrint",null,null,null,null,"Egypt","EG"]
[null,null,null,"Application Pictures NO EXPORT","AppImgNoExport",null,null,null,null,"El Salvador","SV"]
[null,null,null,"Application Pictures CROP","AppImgCrop",null,null,null,null,"Equatorial Guinea","GQ"]
[null,null,null,"Application Pictures Getty","AppImgGetty",null,null,null,null,"Eritrea","ER"]
[null,null,null,"Application Pictures Thinkstock","AppImgThinkstock",null,null,null,null,"Estonia","EE"]
[null,null,null,"Packaging image, frontal","ImgPackagingImgFrontal",null,null,null,null,"Ethiopia","ET"]
[null,null,null,"Packaging image, spacial","ImgPackagingImgSpacial",null,null,null,null,"Fiji","FJ"]
[null,null,null,"Packaging image, back side","ImgPackagingImgBackSide",null,null,null,null,"Finland","FI"]
[null,null,null,"Packaging image, beauty shot","ImgPackagingImgBeauty",null,null,null,null,"France","FR"]
[null,null,null,"zPackaging Images (archived) - do not use","ImgPackagingImgOsram",null,null,null,null,"Gabon","GA"]
[null,null,null,"Wiring diagram","ProdGfxWiringDiagram",null,null,null,null,"Gambia, The","GM"]
[null,null,null,"Base","ProdGfxBase",null,null,null,null,"Georgia","GE"]
[null,null,null,"Burning position","ProdGfxBurningPosition",null,null,null,null,"Germany","DE"]
[null,null,null,"Circuit diagram","ProdGfxCircuitDiagram",null,null,null,null,"Ghana","GH"]
[null,null,null,"Filament construction","ProdGfxFilamentConstruction",null,null,null,null,"Greece","GR"]
[null,null,null,"LDC typ cone","ProdGfxLdcTypCone",null,null,null,null,"Grenada","GD"]
[null,null,null,"LDC typ luminance","ProdGfxLdcTypLuminance",null,null,null,null,"Guatemala","GT"]
[null,null,null,"LDC typ polar","ProdGfxLdcTypPolar",null,null,null,null,"Guinea","GN"]
[null,null,null,"LDC, Isolux","ProdGfxLdcIsolux",null,null,null,null,"Guinea-Bissau","GW"]
[null,null,null,"LDC, luminaire in the room","ProdGfxLdcLuminaireInTheRoom",null,null,null,null,"Guyana","GY"]
[null,null,null,"Luminous intensity distribution","ProdGfxLuminousIntensityDist",null,null,null,null,"Haiti","HT"]
[null,null,null,"Prod line drw, top, neutral dimensions","ProdGfxProdLineDrwTopNeutralDim",null,null,null,null,"Honduras","HN"]
[null,null,null,"Prod.line drw, front, mixed dimensions","ProdGfxProdLineDrwFrontMixedDim",null,null,null,null,"Hungary","HU"]
[null,null,null,"Prod.line drw, front, no dimensions","ProdGfxProdLineDrwFrontNoDim",null,null,null,null,"Iceland","IS"]
[null,null,null,"zProduct line drawing (archived) - do not use","ProdGfxProdLineDrawing",null,null,null,null,"India","IN"]
[null,null,null,"Product line drawing - technical","ProdGfxProdLineDrawingTechnical",null,null,null,null,"Indonesia","ID"]
[null,null,null,"Product line drawing assembling","ProdGfxProdLineDrawingAssembling",null,null,null,null,"Iran","IR"]
[null,null,null,"Product line drawing Family","ProdGfxProdLineDrawingFamily",null,null,null,null,"Iraq","IQ"]
[null,null,null,"Product line drawing with letters","ProdGfxProdLineDrawingWithLetters",null,null,null,null,"Ireland","IE"]
[null,null,null,"Product line drawing with numbers","ProdGfxProdLineDrawingWithNumbers",null,null,null,null,"Israel","IL"]
[null,null,null,"Product size comparison","ProdGfxProdSizeComparison",null,null,null,null,"Italy","IT"]
[null,null,null,"Spectral power distribution","ProdGfxSpectralPowerDist",null,null,null,null,"Jamaica","JM"]
[null,null,null,"Beam Spread","ProdGfxBeamSpread",null,null,null,null,"Japan","JP"]
[null,null,null,"Content Label","ProdGfxContentLabel",null,null,null,null,"Jordan","JO"]
[null,null,null,"Line Drawing","ProdGfxLineDrawing",null,null,null,null,"Kazakhstan","KZ"]
[null,null,null,"Lumen Maintanance Curve","ProdGfxLumenMaintananceCurve",null,null,null,null,"Kenya","KE"]
[null,null,null,"Graphics","ProdGfxGraphics",null,null,null,null,"Kiribati","KI"]
[null,null,null,"LDC typ linear","ProdGfxLDCTypLinear",null,null,null,null,"Korea, North","KP"]
[null,null,null,"Others graphics","GraphicOthersGraphics",null,null,null,null,"Korea, South","KR"]
[null,null,null,"OSRAM","GfxLPOsram",null,null,null,null,"Kuwait","KW"]
[null,null,null,"Other Brands","GfxLPOtherBrands",null,null,null,null,"Kyrgyzstan","KG"]
[null,null,null,"Ancient logos","GfxLPAncientLogos",null,null,null,null,"Laos","LA"]
[null,null,null,"App Logo Smartphone","GfxLPAppLogoSmartphone",null,null,null,null,"Latvia","LV"]
[null,null,null,"Attributes","GfxLPAttributes",null,null,null,null,"Lebanon","LB"]
[null,null,null,"Catalog chapter pictogram","GfxLPCatalogChapterPictogram",null,null,null,null,"Lesotho","LS"]
[null,null,null,"Control sign","GfxLPControlSign",null,null,null,null,"Liberia","LR"]
[null,null,null,"Disquieter","GfxLPDisquieter",null,null,null,null,"Libya","LY"]
[null,null,null,"Energy label, horizontal","GfxLPEnergyLabelHoriz",null,null,null,null,"Liechtenstein","LI"]
[null,null,null,"Energy label, vertical","GfxLPEnergyLabelVert",null,null,null,null,"Lithuania","LT"]
[null,null,null,"Guarantee","GfxLPGuarantee",null,null,null,null,"Luxembourg","LU"]
[null,null,null,"lamp placement","GfxLPLampPlacement",null,null,null,null,"Macedonia","MK"]
[null,null,null,"Light distribution pictogram","GfxLPLightDistPictogram",null,null,null,null,"Madagascar","MG"]
[null,null,null,"Online-Training-Banner","GfxLPOnlineTrainingBanner",null,null,null,null,"Malawi","MW"]
[null,null,null,"Packaging pictogam Special color","GfxLPPackagingPictogamSpecialColor",null,null,null,null,"Malaysia","MY"]
[null,null,null,"Packaging pictogram CMYK","GfxLPPackagingPictogramCmyk",null,null,null,null,"Maldives","MV"]
[null,null,null,"Product","GfxLPProd",null,null,null,null,"Mali","ML"]
[null,null,null,"Product security policy","GfxLPProdSecurityPolicy",null,null,null,null,"Malta","MT"]
[null,null,null,"Register marks","GfxLPRegisterMarks",null,null,null,null,"Marshall Islands","MH"]
[null,null,null,"Energy labels, print sheet","GfxLPEnergyLabelsPrintSheet",null,null,null,null,"Mauritania","MR"]
[null,null,null,"Environment","GfxLPEnvironment",null,null,null,null,"Mauritius","MU"]
[null,null,null,"OSRAM","GfxLPOSRAM",null,null,null,null,"Mexico","MX"]
[null,null,null,"Past logos","GfxLPPastLogos",null,null,null,null,"Micronesia","FM"]
[null,null,null,"Picto","GfxLPPicto",null,null,null,null,"Moldova","MD"]
[null,null,null,"Product","GfxLPProduct",null,null,null,null,"Monaco","MC"]
[null,null,null,"Lighting facts, tall","GfxLPLFTall",null,null,null,null,"Mongolia","MN"]
[null,null,null,"Lighting facts label, standard","GfxLPLFLStandard",null,null,null,null,"Montenegro","ME"]
[null,null,null,"Lighting facts label, wide","GfxLPLFLWide",null,null,null,null,"Morocco","MA"]
[null,null,null,"zDIALux data (rchived) - do not use","DocLightPlaningFilesDialuxData",null,null,null,null,"Mozambique","MZ"]
[null,null,null,"zEulumdat (archived) - do not use","DocLightPlaningFilesEulumdat",null,null,null,null,"Myanmar (Burma)","MM"]
[null,null,null,"zIES data (archived) - do not use","DocLightPlaningFilesIesData",null,null,null,null,"Namibia","NA"]
[null,null,null,"zRelux data (archived) - do not use","DocLightPlaningFilesReluxData",null,null,null,null,"Nauru","NR"]
[null,null,null,"ULD file (DIALux)","DocLightPlaningFilesULDFile",null,null,null,null,"Nepal","NP"]
[null,null,null,"LDT file (Eulumdat)","DocLightPlaningFilesLDTFile",null,null,null,null,"Netherlands","NL"]
[null,null,null,"IES file (IES)","DocLightPlaningFilesIESFile",null,null,null,null,"New Zealand","NZ"]
[null,null,null,"ROLF file (RELUX)","DocLightPlaningFilesROLFFile",null,null,null,null,"Nicaragua","NI"]
[null,null,null,"Advertisements","DocBrochuresAndAdvertisements",null,null,null,null,"Niger","NE"]
[null,null,null,"Catalogs","DocCatalogues",null,null,null,null,"Nigeria","NG"]
[null,null,null,"User instruction","ProdDocUserInstruction",null,null,null,null,"Norway","NO"]
[null,null,null,"Certificates","ProdDocCertificates",null,null,null,null,"Oman","OM"]
[null,null,null,"Library","ProdDocLibrary",null,null,null,null,"Pakistan","PK"]
[null,null,null,"Declarations of conformity","ProdDocDeclarationsOfConformity",null,null,null,null,"Palau","PW"]
[null,null,null,"Product Datasheet","ProdDocProdDatasheet",null,null,null,null,"Panama","PA"]
[null,null,null,"Product Family Datasheet","ProdDocProdFamilyDatasheet",null,null,null,null,"Papua New Guinea","PG"]
[null,null,null,"Photometric report","ProdDocPhotometricReport",null,null,null,null,"Paraguay","PY"]
[null,null,null,"Tender Documents","ProdDocTenderDoc",null,null,null,null,"Peru","PE"]
[null,null,null,"CAD data","ProdDocCadData",null,null,null,null,"Philippines","PH"]
[null,null,null,"CAD data 2-dim","ProdDocCadData2Dim",null,null,null,null,"Poland","PL"]
[null,null,null,"CAD data 3-dim","ProdDocCadData3Dim",null,null,null,null,"Portugal","PT"]
[null,null,null,"CAD data PDF","ProdDocCadDataPdf",null,null,null,null,"Qatar","QA"]
[null,null,null,"Directives","ProdDocDirectives",null,null,null,null,"Romania","RO"]
[null,null,null,"Diagramm","ProdDocDiagramm",null,null,null,null,"Russia","RU"]
[null,null,null,"Literature","ProdDocLiterature",null,null,null,null,"Rwanda","RW"]
[null,null,null,"Presentation","ProdDocPresentation",null,null,null,null,"Saint Kitts and Nevis","KN"]
[null,null,null,"Product Information Bulletin","ProdDocProdInfoBulletin",null,null,null,null,"Saint Lucia","LC"]
[null,null,null,"Product Safety Datasheet","ProdDocProdSafetyDatasheet",null,null,null,null,"Saint Vincent and the Grenadines","VC"]
[null,null,null,"Specification Sheet","ProdDocSpecificationSheet",null,null,null,null,"Samoa","WS"]
[null,null,null,"Technical Document","ProdDocTechnicalDoc",null,null,null,null,"San Marino","SM"]
[null,null,null,"Addon Technical Information","ProdDocAddonTechnicalInformation",null,null,null,null,"Sao Tome and Principe","ST"]
[null,null,null,"Advertising Material for Customers","ProdDocAdvertisingMaterialForCustomers",null,null,null,null,"Saudi Arabia","SA"]
[null,null,null,"Brochures","ProdDocBrochures",null,null,null,null,"Senegal","SN"]
[null,null,null,"Empty prior to 5.2 - 18166286","ProdDocEmptyPriorTo5218166286",null,null,null,null,"Serbia","RS"]
[null,null,null,"end user","ProdDocEndUser",null,null,null,null,"Seychelles","SC"]
[null,null,null,"Installation guide","ProdDocInstallationGuide",null,null,null,null,"Sierra Leone","SL"]
[null,null,null,"Packaging insert","ProdDocPackagingInsert",null,null,null,null,"Singapore","SG"]
[null,null,null,"Installation/Operation notice","ProdDocInstallationOperationNotice",null,null,null,null,"Slovakia","SK"]
[null,null,null,"On-Pack-Info","ProdDocOnPackInfo",null,null,null,null,"Slovenia","SI"]
[null,null,null,"Operating instructions","ProdDocOperatingInstructions",null,null,null,null,"Solomon Islands","SB"]
[null,null,null,"specialized announcements","ProdDocSpecializedAnnouncements",null,null,null,null,"Somalia","SO"]
[null,null,null,"Pricing Information","DocPricingInfo",null,null,null,null,"South Africa","ZA"]
[null,null,null,"Other Documents / Promotion","DocPromotion",null,null,null,null,"Spain","ES"]
[null,null,null,"Zip-InDesign","DocInDesignZip",null,null,null,null,"Sri Lanka","LK"]
[null,null,null,"Contract","DocContract",null,null,null,null,"Sudan","SD"]
[null,null,null,"Catalog info 1","ProdGfxCatalogInfo1",null,null,null,null,"Suriname","SR"]
[null,null,null,"Catalog info 2","ProdGfxCatalogInfo2",null,null,null,null,"Swaziland","SZ"]
[null,null,null,"Catalog info 3","ProdGfxCatalogInfo3",null,null,null,null,"Sweden","SE"]
[null,null,null,"Catalog info 4","ProdGfxCatalogInfo4",null,null,null,null,"Switzerland","CH"]
[null,null,null,"Catalog info 5","ProdGfxCatalogInfo5",null,null,null,null,"Syria","SY"]
[null,null,null,"Catalog info 6","ProdGfxCatalogInfo6",null,null,null,null,"Tajikistan","TJ"]
[null,null,null,"Combo Shot = Product Beauty Shot + Packaging Image","ProdImgComboShot",null,null,null,null,"Tanzania","TZ"]
[null,null,null,null,null,null,null,null,null,"Thailand","TH"]
[null,null,null,null,null,null,null,null,null,"Timor-Leste (East Timor)","TL"]
[null,null,null,null,null,null,null,null,null,"Togo","TG"]
[null,null,null,null,null,null,null,null,null,"Tonga","TO"]
[null,null,null,null,null,null,null,null,null,"Trinidad and Tobago","TT"]
[null,null,null,null,null,null,null,null,null,"Tunisia","TN"]
[null,null,null,null,null,null,null,null,null,"Turkey","TR"]
[null,null,null,null,null,null,null,null,null,"Turkmenistan","TM"]
[null,null,null,null,null,null,null,null,null,"Tuvalu","TV"]
[null,null,null,null,null,null,null,null,null,"Uganda","UG"]
[null,null,null,null,null,null,null,null,null,"Ukraine","UA"]
[null,null,null,null,null,null,null,null,null,"United Arab Emirates","AE"]
[null,null,null,null,null,null,null,null,null,"United Kingdom","GB"]
[null,null,null,null,null,null,null,null,null,"United States","US"]
[null,null,null,null,null,null,null,null,null,"Uruguay","UY"]
[null,null,null,null,null,null,null,null,null,"Uzbekistan","UZ"]
[null,null,null,null,null,null,null,null,null,"Vanuatu","VU"]
[null,null,null,null,null,null,null,null,null,"Vatican City","VA"]
[null,null,null,null,null,null,null,null,null,"Venezuela","VE"]
[null,null,null,null,null,null,null,null,null,"Vietnam","VN"]
[null,null,null,null,null,null,null,null,null,"Yemen","YE"]
[null,null,null,null,null,null,null,null,null,"Zambia","ZM"]
[null,null,null,null,null,null,null,null,null,"Zimbabwe","ZW"]
[null,null,null,null,null,null,null,null,null,"Abkhazia","GE"]
[null,null,null,null,null,null,null,null,null,"China, Republic of (Taiwan)","TW"]
[null,null,null,null,null,null,null,null,null,"Nagorno-Karabakh","AZ"]
[null,null,null,null,null,null,null,null,null,"Northern Cyprus","CY"]
[null,null,null,null,null,null,null,null,null,"Pridnestrovie (Transnistria)","MD"]
[null,null,null,null,null,null,null,null,null,"Somaliland","SO"]
[null,null,null,null,null,null,null,null,null,"South Ossetia","GE"]
[null,null,null,null,null,null,null,null,null,"Ashmore and Cartier Islands","AU"]
[null,null,null,null,null,null,null,null,null,"Christmas Island","CX"]
[null,null,null,null,null,null,null,null,null,"Cocos (Keeling) Islands","CC"]
[null,null,null,null,null,null,null,null,null,"Coral Sea Islands","AU"]
[null,null,null,null,null,null,null,null,null,"Heard Island and McDonald Islands","HM"]
[null,null,null,null,null,null,null,null,null,"Norfolk Island","NF"]
[null,null,null,null,null,null,null,null,null,"New Caledonia","NC"]
[null,null,null,null,null,null,null,null,null,"French Polynesia","PF"]
[null,null,null,null,null,null,null,null,null,"Mayotte","YT"]
[null,null,null,null,null,null,null,null,null,"Saint Barthelemy","GP"]
[null,null,null,null,null,null,null,null,null,"Saint Martin","GP"]
[null,null,null,null,null,null,null,null,null,"Saint Pierre and Miquelon","PM"]
[null,null,null,null,null,null,null,null,null,"Wallis and Futuna","WF"]
[null,null,null,null,null,null,null,null,null,"French Southern and Antarctic Lands","TF"]
[null,null,null,null,null,null,null,null,null,"Clipperton Island","PF"]
[null,null,null,null,null,null,null,null,null,"Bouvet Island","BV"]
[null,null,null,null,null,null,null,null,null,"Cook Islands","CK"]
[null,null,null,null,null,null,null,null,null,"Niue","NU"]
[null,null,null,null,null,null,null,null,null,"Tokelau","TK"]
[null,null,null,null,null,null,null,null,null,"Guernsey","GG"]
[null,null,null,null,null,null,null,null,null,"Isle of Man","IM"]
[null,null,null,null,null,null,null,null,null,"Jersey","JE"]
[null,null,null,null,null,null,null,null,null,"Anguilla","AI"]
[null,null,null,null,null,null,null,null,null,"Bermuda","BM"]
[null,null,null,null,null,null,null,null,null,"British Indian Ocean Territory","IO"]
[null,null,null,null,null,null,null,null,null,"British Virgin Islands","VG"]
[null,null,null,null,null,null,null,null,null,"Cayman Islands","KY"]
[null,null,null,null,null,null,null,null,null,"Falkland Islands (Islas Malvinas)","FK"]
[null,null,null,null,null,null,null,null,null,"Gibraltar","GI"]
[null,null,null,null,null,null,null,null,null,"Montserrat","MS"]
[null,null,null,null,null,null,null,null,null,"Pitcairn Islands","PN"]
[null,null,null,null,null,null,null,null,null,"Saint Helena","SH"]
[null,null,null,null,null,null,null,null,null,"South Georgia & South Sandwich Islands","GS"]
[null,null,null,null,null,null,null,null,null,"Turks and Caicos Islands","TC"]
[null,null,null,null,null,null,null,null,null,"Northern Mariana Islands","MP"]
[null,null,null,null,null,null,null,null,null,"Puerto Rico","PR"]
[null,null,null,null,null,null,null,null,null,"American Samoa","AS"]
[null,null,null,null,null,null,null,null,null,"Baker Island","UM"]
[null,null,null,null,null,null,null,null,null,"Guam","GU"]
[null,null,null,null,null,null,null,null,null,"Howland Island","UM"]
[null,null,null,null,null,null,null,null,null,"Jarvis Island","UM"]
[null,null,null,null,null,null,null,null,null,"Johnston Atoll","UM"]
[null,null,null,null,null,null,null,null,null,"Kingman Reef","UM"]
[null,null,null,null,null,null,null,null,null,"Midway Islands","UM"]
[null,null,null,null,null,null,null,null,null,"Navassa Island","UM"]
[null,null,null,null,null,null,null,null,null,"Palmyra Atoll","UM"]
[null,null,null,null,null,null,null,null,null,"U.S. Virgin Islands","VI"]
[null,null,null,null,null,null,null,null,null,"Wake Island","UM"]
[null,null,null,null,null,null,null,null,null,"Hong Kong","HK"]
[null,null,null,null,null,null,null,null,null,"Macau","MO"]
[null,null,null,null,null,null,null,null,null,"Faroe Islands","FO"]
[null,null,null,null,null,null,null,null,null,"Greenland","GL"]
[null,null,null,null,null,null,null,null,null,"French Guiana","GF"]
[null,null,null,null,null,null,null,null,null,"Guadeloupe","GP"]
[null,null,null,null,null,null,null,null,null,"Martinique","MQ"]
[null,null,null,null,null,null,null,null,null,"Reunion","RE"]
[null,null,null,null,null,null,null,null,null,"Aland","AX"]
[null,null,null,null,null,null,null,null,null,"Aruba","AW"]
[null,null,null,null,null,null,null,null,null,"Netherlands Antilles","AN"]
[null,null,null,null,null,null,null,null,null,"Svalbard","SJ"]
[null,null,null,null,null,null,null,null,null,"Ascension","AC"]
[null,null,null,null,null,null,null,null,null,"Tristan da Cunha","TA"]
[null,null,null,null,null,null,null,null,null,"Australian Antarctic Territory","AQ"]
[null,null,null,null,null,null,null,null,null,"Ross Dependency","AQ"]
[null,null,null,null,null,null,null,null,null,"Peter I Island","AQ"]
[null,null,null,null,null,null,null,null,null,"Queen Maud Land","AQ"]
[null,null,null,null,null,null,null,null,null,"British Antarctic Territory","AQ"]

{"sheet":"Sheet1","index":3,"n_rows":37,"n_cols":2,"rows_kept":37,"cut":false,"hidden":false,"merged":[]}
["Import Datei Name"]
["50047683 001 CB report and certificate.pdf",{"$f":"VLOOKUP(A2,Sheet2!A:B,2,0)","v":{"$error":"#N/A"}}]
["BY_112 03.11.002 20517 20.08.2019-20.08.2024.pdf",{"$f":"VLOOKUP(A3,Sheet2!A:B,2,0)","v":{"$error":"#N/A"}}]
["BY_112 03.11.002 20679 09.01.2020-09.01.2025.pdf",{"$f":"VLOOKUP(A4,Sheet2!A:B,2,0)","v":{"$error":"#N/A"}}]
["EAC N RU D-DE.MU62.B.00891_20 05.02.2020-04.03.2025 Prommash Test.pdf",{"$f":"VLOOKUP(A5,Sheet2!A:B,2,0)","v":"4058075183001,4058075183087,4058075183063,4058075183100"}]
["EAC N RU D-DE.MU62.B.00928_20 06.03.2020-05.03.2025 Prommash Test.pdf",{"$f":"VLOOKUP(A6,Sheet2!A:B,2,0)","v":"4052899971622,4052899971615,4058075056923,4052899971646,4058075134294,4058075134263,4058075134355,4058075134324,4058075210806,4058075210837,4058075210868,4058075210899,4058075068377,4052899971639,4058075212459,4058075212480,4058075212510,4058075212541,4058075218147,4058075218178,4058075218208,4058075218239,4052899971660,4058075160842,4058075160897,4052899981126,4052899981133,4052899981140,4052899981157,4058075373594,4058075373624,4058075129009,4058075129030,4058075129061,4058075129092,4058075129122,4058075129153,4058075229068,4058075229099,4058075229006,4058075229037,4058075318274,4058075467705,4058075467767,4058075467934,4058075480407,4058075480438,4058075480469,4058075480490,4058075480520,4058075480551,4058075480582,4058075480612,4058075481107,4058075481138,4058075481169,4058075481190,4058075481220,4058075481251,4058075481282,4058075481312"}]
["EAC N RU D-DE.MU62.B.01057_20 13.03.2020-12.03.2025 Prommash Test.pdf",{"$f":"VLOOKUP(A7,Sheet2!A:B,2,0)","v":"4058075135529,4058075135567,4058075135604,4058075135543,4058075135581,4058075817739,4058075817777,4058075817753,4058075817791"}]
["EAC N RU D-DE.MU62.B.01070_20 16.03.2020-15.03.2025 Prommash Test.pdf",{"$f":"VLOOKUP(A8,Sheet2!A:B,2,0)","v":"4058075377462,4058075377486,4058075377509,4058075377523,4058075377547,4058075377561"}]
["EAC N RU D-DE.MU62.B.01076_20 16.03.2020-15.03.2025 Prommash Test.pdf",{"$f":"VLOOKUP(A9,Sheet2!A:B,2,0)","v":"4058075135444,4058075135468,4058075135482,4058075135505"}]
["EAC N RU D-DE.MU62.B.01095_20 16.03.2020-15.03.2025 Prommash Test.pdf",{"$f":"VLOOKUP(A10,Sheet2!A:B,2,0)","v":"4058075362949,4058075362963,4058075124783,4058075124806,4058075124820,4058075124844,4058075127234,4058075124868,4058075124943,4058075124967,4058075124981,4058075125001,4058075284722,4058075284746"}]
["EAC N RU D-DE.MU62.B.01114_20 17.03.2020-16.03.2025 Prommash Test.pdf",{"$f":"VLOOKUP(A11,Sheet2!A:B,2,0)","v":"4058075264267,4058075264304,4058075264083,4058075264069,4058075264106"}]
["EAC N RU D-DE.MU62.B.01155_20 20.03.2020-19.03.2025 Prommash Test.pdf",{"$f":"VLOOKUP(A12,Sheet2!A:B,2,0)","v":"4058075230354,4058075230385,4058075230415,4058075230446"}]
["EAC N RU D-DE.MU62.B.01165_20 20.03.2020-19.03.2025 Prommash Test.pdf",{"$f":"VLOOKUP(A13,Sheet2!A:B,2,0)","v":"4058075135086,4058075135109,4058075024915,4058075024939,4058075024977,4058075024991,4058075135208,4058075135222,4058075135246,4058075135260,4058075135284,4058075135307,4058075135321,4058075135345,4058075135369,4058075135383,4058075135406,4058075135420,4058075260887,4058075260900"}]
["EAC N RU D-DE.MU62.B.01171_20 20.03.2020-19.03.2025 Prommash Test.pdf",{"$f":"VLOOKUP(A14,Sheet2!A:B,2,0)","v":{"$error":"#N/A"}}]
["EAC N RU D-DE.MU62.B.01191_20 24.03.2020-23.03.2025 Prommash Test.pdf",{"$f":"VLOOKUP(A15,Sheet2!A:B,2,0)","v":"4058075454743,4058075454767,4058075454781,4058075454804,4058075454828,4058075454842,4058075187337,4058075187351,4058075187375,4058075187399,4058075187634,4058075187658,4058075136410,4058075137585,4058075137608,4058075137622,4058075137769,4058075137783,4058075137806,4058075137820,4058075137400,4058075137424,4058075137448,4058075137462,4058075137486,4058075137509,4058075137523,4058075137547,4058075137561,4058075024632,4058075024717,4058075137844,4058075137868,4058075137882,4058075137905,4058075137929,4058075137943,4058075137967,4058075137981,4058075138001,4058075138025,4058075138049,4058075138063,4058075138087,4058075138100,4058075138124,4058075138148,4058075138162,4058075138186,4058075138209,4058075138223,4058075138247,4058075136472,4058075136458"}]
["EAC N RU D-DE.MU62.B.01209_20 24.03.2020-23.03.2025 Prommash Test.pdf",{"$f":"VLOOKUP(A16,Sheet2!A:B,2,0)","v":"4058075055452,4058075055391,4058075439719,4058075439696,4058075439672,4058075439658,4058075439634,4058075439870,4058075439610,4058075438538,4058075439573,4058075439818,4058075439795,4058075438453,4058075439733,4058075439757,4058075287648,4058075438651,4058075439511,4058075439535,4058075439139,4058075287662,4058075438576,4058075439153,4058075287945,4058075287969,4058075287983,4058075438613,4058075439092,4058075439078,4058075438675,4058075288027,4058075438552,4058075439436,4058075439115,4058075438774,4058075439498,4058075438736,4058075463349,4058075463141,4058075439474,4058075439856,4058075438514,4058075439597,4052899961654,4058075817173,4058075819658,4058075288645,4058075288669,4058075288683,4058075287501,4058075287549,4058075817135,4058075817234,4058075808416,4058075287525,4058075287563,4058075288300,4058075288348,4058075303485,4058075287365"}]
["EAC N RU D-DE.MU62.B.01211_20 24.03.2020-23.03.2025 Prommash Test.pdf",{"$f":"VLOOKUP(A17,Sheet2!A:B,2,0)","v":"4058075318120,4052899971608,4058075056886,4058075134171,4058075134140,4058075134232,4058075134201,4058075210684,4058075210714,4058075210745,4058075210776,4058075068353,4058075116672,4058075116702,4058075467620,4058075467668,4058075467873"}]
["EAC N RU D-DE.MU62.B.01212_20 24.03.2020-23.03.2025 Prommash Test.pdf",{"$f":"VLOOKUP(A18,Sheet2!A:B,2,0)","v":"4058075134782,4058075134812,4058075403376,4058075403406,4058075210981,4058075211018,4058075106635,4058075106666,4058075210929,4058075210950,4058075481343,4058075481374,4058075481404,4058075481497,4058075481527,4058075481558,4058075496378,4058075496408"}]
["EAC N RU D-DE.MU62.B.01215_20 24.03.2020-23.03.2025 Prommash Test.pdf",{"$f":"VLOOKUP(A19,Sheet2!A:B,2,0)","v":"4058075055414,4058075055353,4058075282544,4058075282575,4058075282629,4058075282650,4058075292635,4058075292659,4058075292673,4058075292697"}]
["EAC N RU D-DE.MU62.B.01225_20 25.03.2020-24.03.2025 Prommash Test.pdf",{"$f":"VLOOKUP(A20,Sheet2!A:B,2,0)","v":"4058075811874,4058075169050,4058075811850,4058075271999,4058075812192,4058075812178,4058075169029,4058075812116,4058075812130,4058075168992"}]
["EAC N RU D-DE.MU62.B.01259_20 26.03.2020-25.03.2025 Prommash Test.pdf",{"$f":"VLOOKUP(A21,Sheet2!A:B,2,0)","v":"4058075448469,4058075448483,4058075448445,4058075448421,4058075448889,4058075448902,4058075448926,4058075448841,4058075448865,4058075448742"}]
["EAC N RU D-DE.MU62.B.01271_20 26.03.2020-25.03.2025 Prommash Test.pdf",{"$f":"VLOOKUP(A22,Sheet2!A:B,2,0)","v":"4058075057142,4058075369009,4058075369030,4058075056688,4058075315822,4058075315853,4058075448407,4058075432093,4058075271944,4058075271746,4058075432048,4058075811553,4058075271791,4058075811454,4058075812697,4058075811515,4058075811812,4058075812710,4058075271845,4058075271890,4058075811959,4058075811430,4058075812017,4058075263925"}]
["EAC N RU D-DE.MU62.B.01275_20 26.03.2020-25.03.2025 Prommash Test.pdf",{"$f":"VLOOKUP(A23,Sheet2!A:B,2,0)","v":"4058075448766,4058075448780,4058075448360,4058075448384,4058075105195,4058075105157,4058075264243,4058075105379,4058075105638"}]
["EAC N RU D-DE.MU62.B.01305_20 27.03.2020-26.03.2025 Prommash Test.pdf",{"$f":"VLOOKUP(A24,Sheet2!A:B,2,0)","v":"4058075293199,4058075293205,4058075293212,4058075290815,4058075808706,4058075808980,4052899972360,4058075808997,4058075269729,4058075269705,4058075270046,4058075270022,4052899962095,4058075293090,4058075293298,4058075293359,4058075293434,4058075293496,4058075269927,4058075269903,4052899962071,4058075809406,4058075808171,4058075808188,4058075091979,4058075091993,4058075092013,4058075092037,4058075091955,4058075092112,4058075092136,4058075269941,4058075269989,4058075270008,4058075269965"}]
["EAC N RU D-DE.MU62.B.01333_20 30.03.2020-29.03.2025 Prommash Test.pdf",{"$f":"VLOOKUP(A25,Sheet2!A:B,2,0)","v":"4052899971516,4058075086616,4052899971523,4058075096387,4058075096417,4058075161917,4052899971554,4058075086647,4052899971561,4052899971578,4058075086678,4052899971585,4058075056985,4058075057043,4058075318540,4058075055292,4058075055315,4058075055339,4058075439917,4058075462571,4058075462595,4058075462618,4058075462632,4058075462533,4058075462557,4058075271708"}]
["EAC N RU D-DE.MU62.B.01358_20 31.03.2020-30.03.2025 Prommash Test.pdf",{"$f":"VLOOKUP(A26,Sheet2!A:B,2,0)","v":"4058075433243,4058075463165,4058075463189,4058075463288,4058075463301,4058075463202,4058075463226,4058075463240,4058075463264,4058075463127"}]
["EAC N RU D-DE.MU62.B.01362_20 31.03.2020-30.03.2025 Prommash Test.pdf",{"$f":"VLOOKUP(A27,Sheet2!A:B,2,0)","v":"4058075212398,4058075212428,4058075212336,4058075212367,4058075217805,4058075217836,4058075439276,4058075439290,4058075439214,4058075438996,4058075439399,4058075439412,4058075438958,4058075439238,4058075439177,4058075439016,4058075439337,4058075438798,4058075439375,4058075438835,4058075438811,4058075439313,4058075439252,4058075438934,4058075439351,4058075438897,4058075438859,4058075439030,4058075439054,4058075287303,4058075287327,4058075287624,4058075293168,4052899961289,4052899961302,4058075133471,4058075133426,4058075133525"}]
["EAC N RU D-DE.MU62.B.01662_20 29.04.2020-28.04.2025 Prommash Test.pdf",{"$f":"VLOOKUP(A28,Sheet2!A:B,2,0)","v":"4058075448728,4058075448704,4058075448681,4058075449107,4058075449084,4058075449060,4058075449282,4058075449268,4058075449244,4058075449169,4058075449145,4058075449121,4058075449220,4058075449183,4058075449206,4058075449343,4058075449329,4058075449305,4052899958104,4052899451735,4052899958128,4058075815636,4058075815674,4058075096462,4058075096448,4058075449046,4058075449022,4058075449008,4058075260078,4058075051669,4058075061149,4058075260092,4058075061187,4058075260030,4058075431652,4058075431638,4058075431614,4058075449589,4058075449565,4058075449541,4058075449527,4058075449503,4058075449480,4058075431577,4058075431553,4058075431539,4058075431492,4058075431478,4058075431430,4058075449466,4058075449442,4058075449428,4058075431379,4058075431355,4058075431317,4058075431256,4058075431218,4058075431157,4058075449404,4058075449381,4058075449367,4058075303027,4058075260016,4058075259997,4058075259898,4058075259973,4058075259959,4058075259874,4058075260139,4058075260115,4058075260054,4058075095489,4058075095441,4058075095540,4058075096561,4058075259935,4058075259911,4058075259850,4052899958111,4058075023475,4052899958142,4052899958173,4058075815872,4058075815650,4052899958180,4058075096486,4058075096622,4058075055155,4058075817715,4058075096646,4058075096660,4058075096684,4058075096769,4058075096783,4058075096707,4058075096721,4058075096745,4058075095120,4052899957749"}]
["EAC N RU D-DE.MU62.B.01819_20 01.06.2020-31.05.2025 Prommash Test.pdf",{"$f":"VLOOKUP(A29,Sheet2!A:B,2,0)","v":"4058075438590, 4058075438637"}]
["EAC N RU D-DE.MU62.B.01902_20 16.06.2020-15.06.2025 Prommash Test.pdf",{"$f":"VLOOKUP(A30,Sheet2!A:B,2,0)","v":"4058075480162,4058075480186,4058075480209"}]
["EAC N RU D-DE.MU62.B.02240_20 17.09.2020-16.09.2025 Prommash Test.pdf",{"$f":"VLOOKUP(A31,Sheet2!A:B,2,0)","v":"4058075448803, 4058075448827"}]
["EAC N RU D-DE.MU62.B.02241_20 17.09.2020-16.09.2025 Prommash Test.pdf",{"$f":"VLOOKUP(A32,Sheet2!A:B,2,0)","v":"4058075293229,4058075293236,4058075293243,4058075293274"}]
["EAC N RU D-DE.MU62.B.02248_20 18.09.2020-17.09.2025 Prommash Test.pdf",{"$f":"VLOOKUP(A33,Sheet2!A:B,2,0)","v":"4058075454620,4058075454644,4058075454668,4058075454682,4058075454705,4058075454729,4058075454446,4058075454460,4058075454484,4058075454507,4058075454521,4058075454545,4058075454569,4058075454583,4058075454606,4058075137646,4058075137660,4058075137684,4058075137707,4058075137721,4058075137745"}]
["EAC N RU D-DE.MU62.B.02249_20 18.09.2020-17.09.2025 Prommash Test.pdf",{"$f":"VLOOKUP(A34,Sheet2!A:B,2,0)","v":"4058075453845,4058075453869,4058075453883,4058075453906,4058075453920,4058075453944,4058075452220,4058075452244"}]
["EAC N RU D-DE.PA01.B.98580_21 16.02.2021-15.02.2026.pdf",{"$f":"VLOOKUP(A35,Sheet2!A:B,2,0)","v":"4058075449732,4058075433069,4058075449756,4058075093874,4058075093898,4058075450042,4058075093812,4058075093836,4058075450073,4058075428300,4058075428324,4058075428287,4058075449831,4058075432307,4058075449862,4058075432338,4058075432369,4058075449893,4058075432390,4058075432420,4058075045750,4058075428348,4058075428263,4052899390133,4058075431676,4052899390171,4052899390195,4058075112544,4058075431713,4058075433564,4058075433540,4058075453661,4058075433687,4058075433526,4058075433700,4058075433502,4058075125940,4058075126008,4058075097285,4058075433328,4058075433281,4058075097124,4058075433304,4058075097209,4058075433267,4058075433724,4058075433649,4058075433748,4058075433625,4058075448582,4058075448629,4058075448544,4058075448520,4058075448605,4058075448568,4058075448643,4058075448988"}]
["EAC RU C-DE.AYA46.B.14742_20 24.07.2020-23.07.2025 Rostest Moskva.pdf",{"$f":"VLOOKUP(A36,Sheet2!A:B,2,0)","v":"4052899981126,4052899981133,4052899981140,4052899981157,4058075373594,4058075373624,4058075129009,4058075129030,4058075129061,4058075129092,4058075129122,4058075129153,4058075229068,4058075229099,4058075229006,4058075229037,4058075480407,4058075480438,4058075480469,4058075480490,4058075480520,4058075480551,4058075480582,4058075480612,4058075481107,4058075481138,4058075481169,4058075481190,4058075481220,4058075481251"}]
["OSRAM BY_112 03.11. 002 20229 06.12.2018-06.12.2023.pdf",{"$f":"VLOOKUP(A37,Sheet2!A:B,2,0)","v":{"$error":"#N/A"}}]